1452.
13
Calculate the remainder when 1678507 is divided by 3167.
3164
What is the remainder when 4533332 is divided by 537?
515
What is the remainder when 17058075 is divided by 6408?
6387
What is the remainder when 27565195 is divided by 116?
115
Calculate the remainder when 528697 is divided by 20.
17
What is the remainder when 183573 is divided by 183553?
20
What is the remainder when 6456348 is divided by 57?
15
Calculate the remainder when 8125374 is divided by 6828.
54
Calculate the remainder when 8627888 is divided by 2875960.
8
What is the remainder when 8270120 is divided by 30?
20
Calculate the remainder when 31717 is divided by 3268.
2305
Calculate the remainder when 42152 is divided by 38257.
3895
What is the remainder when 6345379 is divided by 91957?
346
What is the remainder when 429008 is divided by 235?
133
What is the remainder when 2548916 is divided by 53?
40
What is the remainder when 687125 is divided by 1783?
670
What is the remainder when 5289081 is divided by 1556?
237
What is the remainder when 22853832 is divided by 115?
112
What is the remainder when 60448 is divided by 58413?
2035
Calculate the remainder when 23516917 is divided by 1880.
1877
What is the remainder when 396054 is divided by 6173?
982
What is the remainder when 211044 is divided by 69521?
2481
What is the remainder when 48418365 is divided by 273550?
15
Calculate the remainder when 806102 is divided by 134339.
68
Calculate the remainder when 250149 is divided by 782.
691
Calculate the remainder when 345886632 is divided by 26606663.
13
What is the remainder when 13638488 is divided by 4546162?
2
Calculate the remainder when 295674 is divided by 640.
634
What is the remainder when 347120 is divided by 639?
143
What is the remainder when 142665068 is divided by 114?
110
What is the remainder when 31079407 is divided by 26?
21
What is the remainder when 303732 is divided by 395?
372
What is the remainder when 92007 is divided by 3471?
1761
Calculate the remainder when 946332 is divided by 888.
612
Calculate the remainder when 1054233 is divided by 403.
388
Calculate the remainder when 1136465 is divided by 52.
5
Calculate the remainder when 44636 is divided by 1954.
1648
What is the remainder when 245316789 is divided by 86?
69
Calculate the remainder when 1528 is divided by 1194.
334
Calculate the remainder when 38307 is divided by 3327.
1710
What is the remainder when 2724525 is divided by 31?
28
Calculate the remainder when 134867177 is divided by 129.
128
What is the remainder when 1441246 is divided by 1747?
1718
Calculate the remainder when 50249 is divided by 12050.
2049
Calculate the remainder when 67748 is divided by 482.
268
Calculate the remainder when 8154068 is divided by 12821.
12733
What is the remainder when 2349552 is divided by 1140?
12
What is the remainder when 777960 is divided by 389?
349
What is the remainder when 1214673 is divided by 344?
9
What is the remainder when 265133 is divided by 1241?
800
What is the remainder when 365647 is divided by 40603?
220
What is the remainder when 13720 is divided by 13690?
30
What is the remainder when 897008 is divided by 112122?
32
What is the remainder when 165470531 is divided by 8?
3
Calculate the remainder when 1412013 is divided by 122.
107
What is the remainder when 3974901 is divided by 529?
524
Calculate the remainder when 4429677 is divided by 45.
12
Calculate the remainder when 52091 is divided by 388.
99
Calculate the remainder when 457510 is divided by 71.
57
What is the remainder when 12157752 is divided by 692?
4
Calculate the remainder when 15154558 is divided by 1152.
1150
What is the remainder when 153246951 is divided by 153?
9
Calculate the remainder when 1899 is divided by 169.
40
Calculate the remainder when 2341978 is divided by 70.
58
Calculate the remainder when 2686843 is divided by 1343396.
51
Calculate the remainder when 63981707 is divided by 1310.
1307
Calculate the remainder when 1844756 is divided by 1943.
849
Calculate the remainder when 63963681 is divided by 830697.
12
Calculate the remainder when 2418901 is divided by 161257.
46
Calculate the remainder when 79167 is divided by 79149.
18
Calculate the remainder when 5837075 is divided by 7963.
196
What is the remainder when 294833 is divided by 3648?
2993
What is the remainder when 312975 is divided by 78241?
11
What is the remainder when 159652 is divided by 1073?
848
What is the remainder when 10556295 is divided by 103493?
9
What is the remainder when 46012641 is divided by 1451?
1431
What is the remainder when 128851 is divided by 3004?
2683
What is the remainder when 50136119 is divided by 100?
19
What is the remainder when 329489 is divided by 1504?
113
Calculate the remainder when 3759940 is divided by 89520.
100
What is the remainder when 862939 is divided by 7189?
259
What is the remainder when 9868 is divided by 206?
186
Calculate the remainder when 8054699 is divided by 157935.
14
What is the remainder when 10603662 is divided by 89?
24
What is the remainder when 3101155 is divided by 3101055?
100
Calculate the remainder when 234954 is divided by 813.
810
What is the remainder when 229250 is divided by 157?
30
What is the remainder when 2241536 is divided by 373588?
8
What is the remainder when 108419 is divided by 53779?
861
What is the remainder when 14724779 is divided by 84?
83
Calculate the remainder when 1402608 is divided by 4510.
4508
What is the remainder when 498574 is divided by 35609?
48
What is the remainder when 4911343 is divided by 163?
153
Calculate the remainder when 726697 is divided by 1483.
27
Calculate the remainder when 13026 is divided by 505.
401
Calculate the remainder when 283933 is divided by 310.
283
Calculate the remainder when 21297691 is divided by 32.
27
What is the remainder when 8904172 is divided by 31?
11
Calculate the remainder when 1125550 is divided by 102232.
998
Calculate the remainder when 2723265 is divided by 141.
132
What is the remainder when 791147860 is divided by 2167?
2164
What is the remainder when 2921468 is divided by 973781?
125
What is the remainder when 1477579 is divided by 56827?
77
What is the remainder when 487165 is divided by 5182?
57
What is the remainder when 60126 is divided by 791?
10
What is the remainder when 352596 is divided by 1270?
806
What is the remainder when 13617 is divided by 953?
275
Calculate the remainder when 13476425 is divided by 995.
145
Calculate the remainder when 904549 is divided by 187.
30
What is the remainder when 629393711 is divided by 403?
401
Calculate the remainder when 49450439 is divided by 60.
59
Calculate the remainder when 670524 is divided by 47894.
8
Calculate the remainder when 172844402 is divided by 1014.
1004
Calculate the remainder when 10312 is divided by 462.
148
What is the remainder when 8173684 is divided by 85?
84
Calculate the remainder when 421162903 is divided by 79.
78
Calculate the remainder when 475310 is divided by 237623.
64
What is the remainder when 531044 is divided by 58987?
161
Calculate the remainder when 4961933 is divided by 110265.
8
What is the remainder when 166680 is divided by 166652?
28
What is the remainder when 898125 is divided by 8896?
8525
What is the remainder when 173954 is divided by 86974?
6
Calculate the remainder when 5142906 is divided by 461.
451
What is the remainder when 21912446 is divided by 5478106?
22
Calculate the remainder when 11505 is divided by 750.
255
What is the remainder when 41774 is divided by 4133?
444
Calculate the remainder when 4944604 is divided by 1459.
53
What is the remainder when 82871 is divided by 41355?
161
Calculate the remainder when 56254 is divided by 3162.
2500
What is the remainder when 515122 is divided by 207?
106
What is the remainder when 600806 is divided by 300324?
158
Calculate the remainder when 3448798 is divided by 116.
2
What is the remainder when 30722300 is divided by 96?
92
Calculate the remainder when 1580044 is divided by 54484.
8
What is the remainder when 212908 is divided by 1530?
238
Calculate the remainder when 4776092 is divided by 2236.
2232
Calculate the remainder when 6842851 is divided by 668.
527
Calculate the remainder when 3002848 is divided by 3080.
2928
Calculate the remainder w